 -5*g + 17 = 3*y. Let b(n) = -5*n**2 - 13*n + 3. Let w(s) = y*b(s) - 6*c(s). Determine w(7).
3
Let k(m) = -2*m. Let f = 32 - 17. Suppose -5*d + f = -0*d. Let z be 1/1 - -1 - d. What is k(z)?
2
Let j(b) be the third derivative of b**6/120 + b**5/10 - b**4/3 - 5*b**3/6 + 7*b**2 - b. Give j(-7).
2
Suppose 2 = -2*t - o, 9*o - 11*o + 11 = -t. Let x(q) = -2*q**2 - 9*q - 1. Let d(p) = -3*p**2 - 14*p - 1. Let j(u) = -5*d(u) + 8*x(u). Give j(t).
-6
Let t(o) = -o + 9. Suppose 5*c - 8*c = -6. Suppose 5 - 19 = c*d. Determine t(d).
16
Let c(i) = 2*i**2 - 4*i + 1. Let l = -14 - -23. Let p be (10/15)/(2/l). Let a(v) = v**3 - 2*v**2 - v - 3. Let u be a(p). Determine c(u).
7
Let p(u) be the first derivative of u**4/2 + u**3/3 - u**2/2 - u - 1. Suppose 4*k - 5*j = -0*j - 123, 0 = 5*k - 2*j + 158. Let b = -33 - k. What is p(b)?
-1
Let a(y) = y**2 - 6*y + 1. Let k be (3 + 11/(-5))*5. Let g be (-264)/(-56) - k/(-14). Let q be g/15 - 28/(-6). Calculate a(q).
-4
Let v be 4/14 + (-585)/(-35). Let a(f) = f + 1. Let n(d) = -3*d - 4. Let u(i) = v*a(i) + 6*n(i). Let h = -31 - -25. Give u(h).
-1
Suppose 5*t - 15 = -2*x, -4*t + 34*x = 38*x - 12. Let v(o) be the third derivative of -1/3*o**4 + 1/60*o**5 + 0 - 5*o**2 + 5/6*o**t + 0*o. Give v(6).
-7
Suppose 3*l + 19 + 2 = -3*m, 0 = -5*m - 2*l - 26. Let t be ((-22)/6 - m)*-6. Let n(r) be the first derivative of r**3/3 + 2*r**2 + 2*r + 3. What is n(t)?
-2
Let r(j) be the third derivative of j**6/360 - j**5/15 + 5*j**4/24 + 5*j**3/2 - 14*j**2. Let g(m) be the first derivative of r(m). Calculate g(6).
-7
Suppose 5*x = -2*s + x - 16, 4*s - 4*x = 28. Let w(g) = -5 - s*g + 3*g**2 - 2*g**2 + 2. Let m be 2 - (2 + (0 - -6)) - -4. Calculate w(m).
5
Let c(q) = -q**2 + 2*q**2 - q**2 + 6 + 2*q**2 - 8*q. Let y = 1 + 4. What is c(y)?
16
Let k = 48 + -43. Suppose t + 3*x = -4*t + 32, 0 = -5*t + k*x + 40. Let v(b) = -b + 3. Give v(t).
-4
Let v = -2846 - -2844. Let f(o) = -2*o - 11. Give f(v).
-7
Suppose -7*a - 12 = -3*a. Let w(v) = -11*v**2 - 4*v - 4. Let z be -5*(-5)/(50/16). Let i(d) = -4*d**2 - d - 1. Let y(s) = a*w(s) + z*i(s). Calculate y(-3).
1
Let s(x) = 36*x**3 + 4*x - 5*x - 4*x**2 - 1 - 34*x**3 - 2*x**2 + 8*x**2. Let l be 10/(-6) - (-2)/(-6). What is s(l)?
-7
Let j be 2 - 77/42*6. Let y(q) = -5*q - 26. What is y(j)?
19
Let q(k) = k**2 + 5*k + 5. Let d = 7 + -3. Suppose -o - 4 + 2 = d*v, -4*v = 2*o - 4. Let p = 2 - o. Give q(p).
1
Let y(l) be the first derivative of l**3/3 + 7*l**2/2 - 6*l + 90. Calculate y(-6).
-12
Let m(f) = -f - 35. Let g be m(-29). Let a(y) = y**2 + 5*y + 4. What is a(g)?
10
Let q(s) be the second derivative of -2*s**3/3 - 9*s**2/2 - 263*s - 5. Let w(g) = -2*g**2 + 4*g - 3. Let x be w(3). What is q(x)?
27
Let k(g) = -10*g + 1 + 5*g + 8*g + 1. Let q(j) = -11*j + 2*j + 2*j - 3. Let u(z) = 5*k(z) + 2*q(z). Calculate u(0).
4
Let b(p) = -p**2 + 7*p - 7. Let n(j) = 2*j**2 - 4*j - 2. Let z be n(0). Let o(r) = 5*r**2 - 35*r + 36. Let d(k) = z*o(k) - 11*b(k). Determine d(7).
5
Let b(u) = -4*u - 36. Let x(w) = -w - 9. Let n(d) = 2*b(d) - 9*x(d). What is n(-4)?
5
Let w(q) = -5*q + 7*q**2 - 3*q**2 - 5*q**2 - q**2 + 2*q. Let j(h) = h**3 - h - 3. Let z be j(0). Calculate w(z).
-9
Suppose -4*q - 14 = -h, 5*h + 3*q + 9 = 6*h. Let o(z) = -z**2 - 7*z + 2. Calculate o(h).
8
Let u(w) = 4*w**3 - 13*w**2 - 15*w - 8. Let v(a) = -5*a**3 + 14*a**2 + 16*a + 8. Let g = 39 + -34. Let x(k) = g*v(k) + 6*u(k). Determine x(-7).
13
Let r(b) = -246*b - 244*b - 239*b + b**2 - 14 + 718*b. Calculate r(14).
28
Let g(b) = 2*b + 14. Let j(s) = -s**3 + 15*s**2 - 27*s + 13. Let h be j(13). What is g(h)?
14
Let a be (-22)/(-3)*12/22. Let m(t) = -t**3 + 4*t**2 - 3*t + 4. What is m(a)?
-8
Let m(y) = 7*y**3 - y**2 + y. Suppose -7*g = g - 8. Let b be m(g). Let u(k) = k - 10. Calculate u(b).
-3
Let x(b) = -3*b**2 - 3*b + 3. Let j(g) = 5*g**2 + 5*g - 5. Let o(h) = 4*j(h) + 7*x(h). Let v(y) = -5*y**2 - 13*y - 6. Let q(d) = -4*o(d) + v(d). What is q(-8)?
-2
Suppose 4*v + 17 = -b, -4*v + 0*b - 15 = -b. Let h(p) = -p**3 - 4*p**2 + 3*p + 4. Give h(v).
-8
Let m(y) be the third derivative of -y**6/120 + 7*y**5/60 - 7*y**4/24 + 5*y**3/6 - 164*y**2. Give m(4).
25
Let r = -62 + 64. Let f be (r + 0)/(13/26). Let i(l) = -2*l**2 + 2*l + 2. Calculate i(f).
-22
Let z = -62 - -62. Suppose 0*u - 5*u + 30 = z. Let o(h) = 0 - h + 5 + 4. Determine o(u).
3
Let m(v) = -7*v**2 - 3*v + 2. Let x(b) = -b**3 + 3*b**2 + 20*b - 48. Let o be x(5). Give m(o).
-32
Let s(y) = -y**3 - y**2 + 6. Let r = -14 + 6. Let h(f) = -2*f - 16. Let o be h(r). What is s(o)?
6
Let t be (-1 + 3/9)/(4/(-24)). Let s(o) = 6*o - 17. Determine s(t).
7
Let j(o) = -8*o**2 + 2*o + 1. Let a(z) = -z**2 - 12*z - 15. Let b be a(-10). Suppose 5*r = -b*h - 15, h - 4*r + r = 5. What is j(h)?
-9
Let g(m) = -m + 9. Suppose 3*h - 73 = -37. Calculate g(h).
-3
Let j(f) = -f - 2. Let g be j(-9). Suppose -g = -7*m - 35. Let z(a) = a**2 + 6*a + 3. Calculate z(m).
-5
Let n = -974 + 978. Let q(t) = t**2 - 9*t + 5. Give q(n).
-15
Suppose 36*u = -5 + 293. Let p(s) = 2*s - 10. Determine p(u).
6
Suppose -18 = -2*t - 4. Let z be (-50)/(-5) + -3 + 1. Let l(g) = -7*g**2 - z + 3*g**2 + g**3 + t*g**2 + 2*g**2 - 6*g. Determine l(-6).
-8
Let z be (-12 - -10)/(2/(-3)). Let w(y) = -3*y**3 - 11*y**2 - 23*y - 21. Let q(s) = -2*s**3 - 5*s**2 - 12*s - 11. Let u(n) = z*w(n) - 5*q(n). Determine u(9).
-8
Let r be 4*(-3)/12*6. Let j(w) = w**2. Let t(y) = -y**3 - 10*y**2 - 2*y + 8. Let l(b) = -3*j(b) - t(b). Determine l(r).
16
Let y(v) = -2*v + 7 + 5 + 3 - 2. Let a be y(6). Let r(z) = -2*z - 1. Give r(a).
-3
Let x = -44 + 50. Let l(m) = -m**2 + 2*m**2 + x + 3 - 14 - 9*m. Calculate l(9).
-5
Let r(n) = 34 + 4*n**2 - 59 + 7*n - 3*n**2 + 29. Calculate r(-5).
-6
Let x(l) be the second derivative of -l**4/12 - 5*l**3/6 + 9*l**2/2 + 4*l. Give x(-7).
-5
Let f(g) = 35*g - 21. Let x(i) = -19*i + 11. Let u(y) = 6*f(y) + 11*x(y). Determine u(6).
1
Let h(v) = v**2 - v - 9. Suppose 4*o - n = -1, -o + 2*n - 5*n = -16. Let t be o*-3*(-18)/27. Suppose 2*c - 5 = 5*m, -3*m = -t*m + 1. Calculate h(c).
-9
Let j be (23 + 1)/(-4) - -6. Let k(w) be the second derivative of 5/6*w**3 + w**2 + j + 3*w + 1/12*w**4. Determine k(-3).
-4
Let w(r) = -13*r - 48 + 4*r - 4*r + 10*r. What is w(-12)?
-12
Let x be 0 + 1 - 2 - 8. Let d(k) = k + 14. Let j be d(x). Let l(q) = j*q - q - 3 + 2. Calculate l(1).
3
Let d(l) = -3*l + 14*l**2 - 3*l**2 - 10*l**2 - 3. Suppose 6*q - q - 15 = 0. What is d(q)?
-3
Let w(c) = c + 4. Let p(n) be the third derivative of -n**5/60 - n**4/6 - n**3 - n**2. Suppose 3 = -4*q - 13. Let j be p(q). Calculate w(j).
-2
Let i(t) be the third derivative of -t**5/60 - t**4/24 + 4*t**3/3 - 44*t**2. Calculate i(0).
8
Let n(q) = -q**3 - 3*q**2 + q - 1. Let c(u) = u**3 + 13*u**2 - 15*u - 11. Let l be c(-14). Suppose -2*d + 2 = -2*f, -l*d = f - 5*f - 5. Give n(f).
-7
Let r(n) = 3010*n - 1 + 3*n**2 - 3013*n - 4*n**2. Let t be 3/((1 + -2)*1). Calculate r(t).
-1
Suppose -49 = 53*g - 64 - 144. Let q(b) be the third derivative of b**5/60 - b**4/12 + b**2. Determine q(g).
3
Let h(v) = -v**3 + 18*v**2 - 31*v - 21. Let g be h(16). Let t(l) be the third derivative of l**4/24 - l**2. Calculate t(g).
-5
Suppose -9*w = -2*w + 315. Let f = w - -49. Let c(i) = i**3 - 4*i**2 + i - 4. What is c(f)?
0
Let h be 1/3 - (-5)/3. Suppose -h = 4*i - 2*w, -4*i = w - 1 - 0. Let f(p) = -p**3 + p**2 + 9. What is f(i)?
9
Suppose 5*w = 3*u - 27, u - 3 - 4 = w. Let g(r) = -5*r + r**2 + 3*r**3 + 4*r - 2*r**3 + 2*r**2. Determine g(w).
3
Let d(p) be the second derivative of p**5/20 + p**4/3 - 2*p**3/3 - 3*p**2 - 5*p. Let j(i) = -2*i**2 + 3*i - 3. Let q be j(2). What is d(q)?
-11
Let i(v) = -2*v + 35. Let j be i(17). Let c(o) = -o**3 + o**2 - 1. Give c(j).
-1
Let b(f) = -6*f**2 + 210*f - 553. Let c(y) = -y**2 + 35*y - 93. Let p(l) = -2*b(l) + 13*c(l). Calculate p(32).
-7
Let b(v) = 4*v**2 - 17*v - 5. Let a be b(4). Let f(z) = -2*z**2 - 16*z + 14. Calculate f(a).
-4
Let d(x) = -2*x + 3. Let c = 1371 + -1362. What is d(c)?
-15
Let p(u) = -u**2 - u + 5. Suppose -q + 7 = a, 2*a + 0 = 2*q + 6. Suppose 17 = 4*f + a. Suppose 2*d = -f*d - 20. Calculate p(d).
-7
Let c(i) = -4*i**2 - 8*i - 1. Let z(w) = -9*w**2 - 18*w - 1. Let j(y) = 5*c(y) - 2*z(y). What is j(-3)?
-9
Let h(u) = u**3 - 6*u**2 + 2*u + 12. Let n be h(5). L